). Let v = w - -4. Let u(d) = -d**2 - 8*d - 9. Calculate the remainder when 4 is divided by u(v).
1
Suppose -4*m - a + 427 = -0*a, 109 = m - 2*a. Suppose -m = -5*s - 22. Suppose -38 - 12 = -j. What is the remainder when j is divided by s?
16
Suppose 0 = 10*f + 722 - 2032. What is the remainder when f is divided by 22?
21
Suppose 5*f - 237 = 2*f + 3*p, -5*f + 360 = 2*p. Calculate the remainder when f is divided by -57*2*2/(-12).
17
Suppose -39 = 5*v + 41. Let t = v - -27. Calculate the remainder when 41 is divided by t.
8
Let v = 2 - -2. Suppose v*u + 2*q + 3*q = 162, 4*u - 4*q - 180 = 0. Let s = u - 24. Calculate the remainder when 37 is divided by s.
18
Let z = 57 + -10. Calculate the remainder when z is divided by 15.
2
Let a = -9 + 14. Suppose 4*j - 74 = -a*s, -2*s - 3*s - 2*j + 72 = 0. What is the remainder when 39 is divided by s?
11
Suppose 2*p + 109 = 297. What is the remainder when p is divided by 19?
18
Calculate the remainder when 58 is divided by 4*95/20 + -4.
13
Suppose 13 = 4*s + 3*r - 98, 19 = s - r. Calculate the remainder when s is divided by 5.
4
Let y(i) = -2*i**3 - 4*i - 8. Let s(z) = -3*z**3 - 5*z - 7. Let x(m) = 3*s(m) - 4*y(m). Calculate the remainder when 20 is divided by x(0).
9
Suppose 0 = j - 2. Suppose -j*o + 19 = 7. What is the remainder when 28 is divided by o?
4
Let x(c) = c**3 + 13*c**2 + 26*c - 10. What is the remainder when 86 is divided by x(-10)?
26
Suppose -80 = 3*c - 7*c. Calculate the remainder when 36 is divided by c.
16
Suppose 0 = 2*y - y - 4. What is the remainder when 8 is divided by y?
0
Let q be 7/(-14) - (-1)/2. What is the remainder when 34 - (q - (6 - 3)) is divided by (-2)/6 + (-62)/(-6)?
7
Suppose 0*r = r - 4. Let t be 144/27 - 1/3. Suppose 0 = t*z - r - 16. What is the remainder when 10 is divided by z?
2
Let o = -18 + -4. Let k = -15 - o. Let d = 30 - 18. Calculate the remainder when d is divided by k.
5
Calculate the remainder when -2*(1 - 2) + 25 is divided by 10.
7
Let o be (0 - 6/(-9))*51. Suppose -4*q + o = -34. What is the remainder when 47 is divided by q?
13
Let k = 72 - 41. What is the remainder when 123 is divided by k?
30
Suppose -3*q = 2*b + 4, 0 = b - 2*q - 1 + 3. Let n be 5/b*8/(-5). Suppose -n = -j + 2*s + 5, 50 = 4*j - s. What is the remainder when 25 is divided by j?
12
Suppose 3*k - 5*r = -39 + 17, -10 = -2*r. Calculate the remainder when k is divided by ((-1)/(-3))/((-4)/(-12)).
0
Suppose -7*y + 28 = -21. Let p(k) = -3*k**2 + 2. Let d be p(-4). Let o = d - -66. Calculate the remainder when o is divided by y.
6
Suppose 0 = -2*o - 1 - 1. Let q = 6 + o. Suppose q*a + 4*n - 135 = 0, 4*a - 3*n = -n + 134. What is the remainder when a is divided by 11?
9
Suppose 5*d - 82 = 78. Let h = -5 + 7. Suppose h*o = 36 - 14. What is the remainder when d is divided by o?
10
Let q = 104 + -37. What is the remainder when q is divided by 35?
32
Let f be (10/(-1) + 1)*-1. Suppose 5*r = -4*g - 0 + 79, -3*r = -f. Calculate the remainder when 61 is divided by g.
13
Let p = 132 + -73. What is the remainder when p is divided by 15?
14
Let k = -6 + 10. Suppose -11 = -d - 4*y + 3*y, -3*d - k*y + 35 = 0. Calculate the remainder when 24 is divided by d.
6
Let o = -83 + 101. What is the remainder when 68 is divided by o?
14
Suppose 0 = 4*b + y - 37, b - 3*y - 3 = 3. Calculate the remainder when 4/(-3)*45/(-2) is divided by (11/3)/(3/b).
8
Suppose 4*x - j = -0*j + 153, 165 = 5*x + 4*j. Suppose 20 + 20 = 4*k. Calculate the remainder when x is divided by k.
7
Suppose -2*f = -123 - 179. Calculate the remainder when f is divided by 14.
11
What is the remainder when 21 is divided by (-16)/20 - 72/(-15)?
1
Let u(y) = 159*y**2 - y - 1. What is the remainder when u(-1) is divided by 32?
31
Let v(m) = -16*m - 1. Let g be v(8). Let a = 184 + g. Calculate the remainder when a is divided by 19.
17
Suppose 4*o + 13 = -23. Calculate the remainder when 17 is divided by (o/2)/(2/(-4)).
8
Suppose -110 = -3*j + 172. What is the remainder when j is divided by 19?
18
Let m(j) = j. Let o(i) = 6*i + 10. Let z(q) = 4*m(q) - o(q). Suppose 5*k + 35 = -2*x, 2*k + 2*k + 28 = -x. What is the remainder when 11 is divided by z(k)?
3
Let g be (-3)/((-5)/(230/3)). Suppose 5*j + c - g = 0, 4*j = 5*c - 26 + 86. What is the remainder when 28 is divided by j?
8
Let g = 11 - 25. Suppose -8*z + 3*z = -2*l + 64, l - 5*z - 37 = 0. Let s = g + l. Calculate the remainder when 25 is divided by s.
12
Let b(v) = -21 - 2*v + 21. Let j(x) = x - 1. Let o(i) = 4*b(i) + 3*j(i). Calculate the remainder when 32 is divided by o(-4).
15
Let i(p) be the first derivative of 5*p**2 - 5*p + 3. Calculate the remainder when i(4) is divided by 12.
11
Let w = 9 - -1. Let f(q) = q - 9. Let c be f(w). What is the remainder when (0 - -1 - -12)/c is divided by 5?
3
Let t = 3 + -2. Calculate the remainder when (-3)/3 - -49 - t is divided by 16.
15
Suppose -3*j + 5 + 4 = 0. Let p(o) = o**3 + 2*o**2 - 3*o + 3. What is the remainder when p(-3) is divided by j?
0
Let l = 18 - 6. What is the remainder when 33 is divided by l?
9
Let r = 2 - -6. Suppose r*i - 115 = 3*i. Suppose 0 = -2*z - 0*z + 24. What is the remainder when i is divided by z?
11
Let p = 75 + -37. Calculate the remainder when p is divided by 20.
18
Suppose -4*r - 13 = -25. Calculate the remainder when 12 is divided by r.
0
Let s = -94 + 165. Calculate the remainder when s is divided by 24.
23
Let x(a) = 41*a**2 - a - 1. Let b be (-40)/(-18) + 2/(-9). Suppose b*k - 1 = 3*k. Calculate the remainder when x(k) is divided by 14.
13
Suppose -3*t + 6 = -0*t. Let m = 7 - t. Suppose 2*u = m*u - 33. What is the remainder when 21 is divided by u?
10
Let r be ((-10)/4)/(3/(-6)). Suppose -r = -3*n + 7. What is the remainder when 6 is divided by n?
2
Let u = 46 - 7. Let k = u - 26. What is the remainder when 37 is divided by k?
11
Let k(j) = 2*j**2 + 2*j - 5. Let u(d) = d**2 + 2*d + 7. What is the remainder when k(-4) is divided by u(0)?
5
Suppose 0 = 2*r + 2*q - 192, 5*q + 178 = -0*r + 2*r. Let l = -66 + r. Let a(y) = 16*y - 1. Calculate the remainder when l is divided by a(1).
13
Suppose 4*k = 2*k. Suppose 3*v + 0*v - 75 = k. What is the remainder when 49 is divided by v?
24
Suppose -170 = -7*s + 2*s. Let b(f) = f**3 - 4*f**2 + 2*f + 4. Let n(z) = -z**2 + 7*z - 2. Let w be n(6). What is the remainder when s is divided by b(w)?
10
Suppose 8*i = 3*i + 105. Let p(m) = 30*m**2 + 3*m - 1. Let x be p(2). Suppose -5 = 3*w - x. Calculate the remainder when w is divided by i.
19
What is the remainder when 39 is divided by -42*(-4)/16*2?
18
Let d = 81 - 62. Calculate the remainder when 149 is divided by d.
16
Let p(j) = -j**3 + 3*j**2 + 6*j - 6. Let h be p(4). What is the remainder when (0 - 3)/((-1)/h) is divided by (-4)/(-14) - (-19)/7?
0
Let u be (-2)/(-1)*10/(-4). What is the remainder when 37 is divided by 13 + -1 - u/5?
11
Let c = -132 + 185. Let l = 90 - c. Let g(w) = 2*w - 3. What is the remainder when l is divided by g(8)?
11
Let r = 22 + -20. What is the remainder when 3 is divided by r?
1
Let p(r) = 2*r**2 - 8. What is the remainder when p(4) is divided by (-2)/4*2*-13?
11
Suppose -3*z = 1 - 7. Suppose 3*u + z*u = 75. What is the remainder when 44 is divided by u?
14
Suppose 0 = -i - 0 - 11. Let d = i - -54. What is the remainder when d is divided by 11?
10
Let g(b) = -5*b + 2. Let z be (-12)/5 + 4/10. What is the remainder when g(z) is divided by 7?
5
Let y be 6/(-39) + (-11)/13. Let h = 4 - y. Suppose 0 = h*f + d - 14, -d - 2*d = -4*f - 4. What is the remainder when f is divided by 1?
0
Suppose -11*l + 9*l = -18. What is the remainder when 25 is divided by l?
7
Let d = -21 + 39. Let h(l) = 2*l**3 - l**2 - 2*l + 2. Suppose -o = -5*o + 8. What is the remainder when d is divided by h(o)?
8
Suppose 53 = 3*a - r, a - 5*r - 19 = -4*r. Calculate the remainder when 48 is divided by a.
14
Suppose s = -5*p + 76, -4*p - p + 80 = 5*s. Let k = -1 + p. Calculate the remainder when 53 is divided by k.
11
Suppose 0*v + 32 = 4*v - 4*s, 22 = 2*v - 5*s. Let o = -20 + 31. Calculate the remainder when o is divided by v.
5
Calculate the remainder when 40 is divided by 3/(-6) - (-1)/(10/145).
12
Let w(m) = m**2 + m - 3. Let d(n) = -n**2 + 4*n. Let k be d(5). What is the remainder when (-243)/k - 2/(-5) is divided by w(-5)?
15
Let a = 11 